 -4*d - u + 562 = u, -d + 3*u + 158 = 0. Calculate the greatest common factor of f and d.
13
Let v be (-52)/(-8) - (-3)/(-6). Let i = 16 + 38. Calculate the highest common divisor of v and i.
6
Suppose 0 = -5*m - 107 + 117. What is the greatest common factor of 58 and m?
2
Let d = 6 - 4. Let i(u) = 12*u - 25*u + 2*u**2 - 5 + 5*u**3 + 16*u + 2. Let v be i(d). What is the highest common factor of v and 17?
17
Let u(k) = -12*k + 190. Let w be u(12). What is the greatest common factor of w and 805?
23
Suppose -4*g - 3184 = -5*o, 5*g - 9*g - 640 = -o. Calculate the highest common factor of o and 12.
12
Let r = -377 + 497. Calculate the highest common divisor of 680 and r.
40
Let k(r) = r - 5. Let c be k(6). Suppose -4*g = -3*a + 35, -2*a = -0*a + 2*g. Let x = a - -3. Calculate the greatest common factor of c and x.
1
Let g be -7 + (1370/5 - 3). Calculate the greatest common divisor of g and 11.
11
Let l(s) = -32*s - 156. Let m(i) = 16*i + 78. Let a(w) = -4*l(w) - 9*m(w). Let o be a(-6). Calculate the greatest common factor of 27 and o.
9
Suppose -j = 5*j - 606. Suppose 5*p - 29 = j. Suppose -230 = 5*y - 1660. What is the highest common factor of y and p?
26
Suppose 0 = 5*k + 4*r + 1, -k - 3*r - 7 = 2. Suppose 18*f - 1488 = -44*f. Calculate the greatest common factor of k and f.
3
Let w = 441 - 231. Let z(a) = -6*a. Let s be z(-5). Calculate the highest common factor of s and w.
30
Suppose 13 = 4*a + 1. Suppose 0*i + 107 = 3*i - 2*y, y - 128 = -4*i. Calculate the highest common factor of a and i.
3
Suppose -9*o + 237 = -681. Suppose 2*x - 69 = -h, 150 = 4*x - 3*h + 17. What is the greatest common factor of x and o?
34
Suppose j - 216 = -j - 4*g, -j = -3*g - 98. Suppose -2*s - 5*r + j = 0, -5*s + 206 = -0*s - r. Calculate the highest common factor of s and 6.
6
Let t(i) = i**2 + 26*i + 208. Let y be t(-6). Suppose 0 = -2*a + 22 - 6. What is the greatest common factor of a and y?
8
Suppose 2595 = 12*d - 10041. What is the greatest common divisor of d and 13?
13
Let t(z) = z**3 + 12*z**2 - 15*z - 18. Let c be t(-13). Suppose 2*l + 4 = 28. Calculate the greatest common factor of c and l.
4
Let r(y) = -y**3 + y**2 - y. Let m be r(1). Let n be (-270)/(-18) - 3/m. What is the greatest common divisor of n and 144?
18
Let d(o) = o**2 + 4*o + 5. Let y be d(-4). Let m be (1 - (3 - y)) + 0. What is the highest common factor of 6 and m?
3
Let v be -5 + 8 + (-2)/(2/(-137)). What is the highest common factor of 126 and v?
14
Let a be (-3)/2*44/(-6). Suppose 14*z - a*z - 363 = 0. What is the greatest common factor of z and 11?
11
Let s(k) = 5*k**3 + k**2 - 6. Let a be s(3). Let y be a/7 + 8/28. What is the highest common divisor of 8 and y?
4
Suppose -4*r + 29 = 13. Let y be (-5 - (-6 + -3)) + 6. What is the greatest common divisor of y and r?
2
Let d = -1720 - -2098. What is the highest common factor of 36 and d?
18
Suppose 2*h - 53 = -5*d + 103, -126 = -4*d - 2*h. Calculate the greatest common factor of 570 and d.
30
Let q be ((-24)/(-14))/(218/2289). Let s(c) = 19*c**2 - 2*c - 3. Let d be 5 + 0 + -2*1. Let g be s(d). Calculate the greatest common factor of g and q.
18
Let l be 4/(-5) + 3688/10. Let z = l - 256. Suppose 5*o - 2*o = 42. Calculate the highest common divisor of o and z.
14
Suppose 0 = x - 3*l - 1, 25 = 4*x + 5*l - 13. What is the greatest common factor of x and 7?
7
Let u(c) = -4*c - 9. Let o be u(-6). Suppose 5*m + 2*t = o, -m - t = -6*m. What is the greatest common factor of m and 2?
1
Let d be (-1)/(-6) - 12492/(-216). Let w = -41 + d. What is the greatest common factor of w and 68?
17
Suppose h + 1 - 3 = 0. Suppose -h*c - 2*s + 172 = -5*s, -4*s = -c + 86. Let r = 198 - c. Calculate the greatest common divisor of r and 14.
14
Suppose -6*p - 4 = -166. What is the highest common divisor of p and 45?
9
Suppose 6*v - 6 = 4*v. Let i(f) = -3*f - 9. Suppose -5*l - 24 = -l. Let t be i(l). What is the highest common factor of v and t?
3
Let q = 76 - 61. Let o be (48/(-30))/((-2)/q). What is the highest common factor of 84 and o?
12
Let f(i) = -i**3 - 13*i**2 - i + 4. Let m be f(-13). Let q = 9 + -19. Let g = q + m. Calculate the greatest common divisor of g and 1.
1
Suppose -18*j - 2856 = -30*j. Suppose -4*c = t + 2, -4 = t + c - 14. What is the highest common divisor of t and j?
14
Let s = -271 - -598. Suppose 5*d + s - 1047 = 0. Calculate the highest common factor of d and 16.
16
Let a(w) = 46*w**2 + w. Let m be a(-1). Suppose -90 = -12*g + 222. Suppose 0 = -r + 2*v + g, -v + 86 = 5*r - 0*v. What is the highest common factor of m and r?
9
Let h = -1879 + 1920. Calculate the greatest common divisor of h and 1107.
41
Let q(s) = s + 9. Let u be q(5). Calculate the greatest common factor of u and 7.
7
Let q be 0/((-4)/(-1)) + 10. Let x(l) = l**2 - 6*l - 4. Let o be x(q). Calculate the highest common divisor of o and 24.
12
Let f = 296 + -292. Calculate the highest common divisor of f and 68.
4
Suppose 72 = 5*v - 3*g, -3*g = -v - 6*g. What is the greatest common divisor of 18 and v?
6
Let m = 19 + 31. Let o = 24 - m. Let g = -19 - o. What is the highest common divisor of g and 7?
7
Let t(w) be the third derivative of -w**5/60 - w**4/8 + 3*w**3 + 3*w**2. Let m be t(0). What is the highest common factor of 2 and m?
2
Let j = -191 - -223. Calculate the highest common divisor of j and 40.
8
Suppose 4*a + 638 = 15*a. Calculate the highest common factor of 261 and a.
29
Suppose -205 = -2*o + 53. Let w = o + -38. What is the greatest common divisor of 13 and w?
13
Suppose 0 = -42*q + 1970 + 3448. What is the greatest common factor of q and 9?
3
Let f(k) = -k + 36. Let i = -82 + 91. Let p be f(i). What is the highest common factor of p and 9?
9
Let c = -28 - -30. Let r be (-24)/c*(-12)/18. Let j = 10 + -2. What is the highest common factor of r and j?
8
Suppose 5*i - 20 = 0, a = -3*a + 3*i - 8. Let d = a + 8. Let w = d - 0. Calculate the highest common divisor of w and 72.
9
Let u = 238 + -226. What is the highest common divisor of u and 96?
12
Let y = -205 + 226. What is the highest common factor of y and 231?
21
Let a be 2/(-3) + (-46)/(-6). Let v(i) = 10*i**2 - 5*i - 2. Let c be v(-4). Let r = -122 + c. Calculate the highest common factor of a and r.
7
Suppose 0 = 7*n - 4 - 3. Let o be (0 - (n + -2))*(4 + 2). Calculate the greatest common divisor of 4 and o.
2
Let h be ((-28)/6 - -3)*9. Let q = -19 - h. Let i be 3 - 1/(q/112). What is the highest common factor of 155 and i?
31
Let u = 15 - 16. Let b be ((-88)/55)/(u/125). Calculate the highest common divisor of 25 and b.
25
Suppose c + 3*c + 64 = 2*l, 0 = 5*c - 25. Suppose 0 = 3*t - l - 24. What is the highest common factor of t and 11?
11
Suppose -2*l + 18 = 8, -5*q + 415 = -5*l. Calculate the highest common factor of q and 24.
8
Let z(g) = -6*g**3 - 2*g - 1. Let i = 10 + -10. Suppose -5*x + 0 = -3*v + 20, i = x + 3*v - 14. Let l be z(x). What is the highest common factor of l and 77?
7
Let j be 13 - (4 - (6 + -3)). Let k be (110 + 1)*(-2)/6. Let r = k + 61. Calculate the greatest common divisor of r and j.
12
Let z(r) = 70*r**2 + 19*r + 19. Let h be z(-1). Calculate the highest common divisor of h and 20.
10
Let y(p) = p**2 + 59*p + 179. Let n be y(-3). Calculate the greatest common divisor of n and 418.
11
Suppose w + 5*d - 2*d = 3, 4*d + 4 = 0. Suppose w*j - j = 60. Suppose 5*q = 5*a + 190, -q - 8 + 54 = -5*a. What is the highest common divisor of q and j?
12
Suppose -28*m - 530 = -2*b - 26*m, -280 = -b + 4*m. Calculate the highest common factor of 26 and b.
26
Let y be (2 - (-52)/(-5))*(-4 - 1). Calculate the greatest common factor of 66 and y.
6
Let t(x) = x**3 - 9*x**2 + 11*x + 12. Let c be t(7). Let r = 3 - c. What is the greatest common divisor of r and 8?
4
Let z be (2/4)/((-1)/4). Let o be -4 - z - (-4 - -2). Suppose o = 6*j - 2*j - 88. Calculate the highest common factor of 55 and j.
11
Let w be 2/2*-38*(-27 + 26). Calculate the highest common factor of 171 and w.
19
Let d = 11 + -8. Suppose -d*c + 96 = 4*p, 4*c - 106 = -p + 3*p. What is the greatest common divisor of 308 and c?
28
Let z be ((1458/(-8))/3)/(10/(-40)). Calculate the highest common factor of 135 and z.
27
Let h be (2/10)/(6/30). Let i be ((-42)/(-49))/(h/21). Calculate the greatest common factor of i and 6.
6
Let h = -45 + 81. Let 